 - (5 + (12 - 13)) - -3.
-3
What is 1 + -13 + 14 - (0 - -9)?
-7
Evaluate (-16 - (-4 - -1)) + 1 - (-6 + 2).
-8
What is the value of -9 + 12 + -6 + 7?
4
1 + 2 + (2 - (-2 + 21) - -11)
-3
What is (1 - 0) + 1 + -29 + 65 + -33?
5
Evaluate (-2 - -10 - 13 - 6) + 2.
-9
What is the value of 30 + -21 - (-9 - 6) - 5?
19
Evaluate (-179 + 182 - (10 + -1)) + (17 - 1).
10
Calculate 1 - 10 - (16 - -5).
-30
Calculate -2 - (-2 + (-4 - -11) + -12 + -6).
11
Evaluate 36 - 71 - -22 - (-3 + -18).
8
Evaluate 14 + 14 + (9 + 8 - 14).
31
What is the value of -642 + 685 + -18 + -1?
24
-36 + -20 + 21 - -42
7
Calculate 2 - (1 + 12 - (43 - 37)).
-5
What is the value of (-9 - -1) + 15 + -1 + 5 + -3?
8
What is 6 + 3 + 1 + 20 + -1?
29
Calculate 6 + (2 - 8) - (-2 + -2).
4
What is (90 - 103) + (1 - -10)?
-2
-7 + (9 - (16 + -8) - -10)
4
Evaluate -8 - (-3 - -4 - 22).
13
Calculate 13 - (6 - -1) - (3 - 1 - -4).
0
What is (200 + -198 - (8 - 1)) + 0 + -1?
-6
What is the value of -3 + 2 - (113 - 122)?
8
Calculate -87 + 34 + 18 - -35.
0
What is the value of 51 + -20 + -38 + -8?
-15
Calculate -1 + 9 + (-5 - (-4 + -6 - 6)).
19
Evaluate -11 + 29 - (-14 - -24) - (-1 + -1).
10
What is -1 - -2 - (14 - (5 + -7))?
-15
What is the value of (-4 - (3 + 0 + 2)) + -18 + 18?
-9
-6393 + 6397 + (0 - 1) + 9
12
What is (-7 - 0) + (339 - 314)?
18
Calculate -4 - (-6 - 4) - 0.
6
10 + (2 - 2) - (-181 - -184)
7
What is -7 + -5 + (-15 - (7 + -19))?
-15
Calculate 38 + -85 + 59 - (-1 - 6).
19
-28 + 9 + 11 - -25
17
What is (-6 - (-14 + 3 + 1)) + -9?
-5
Evaluate 9 + 1 + 0 - (58 - (68 + -18)).
2
Evaluate (1 - 2) + (13 - 14) - 10.
-12
What is -24 + 4 + (19 + -21 - (-1 - -2))?
-23
What is 109 - 125 - (-11 + -2)?
-3
Evaluate -10 - (-5 + 5 + 20 + -32 + 5).
-3
(0 - (-9 + -16)) + -7
18
What is -1 - ((-1 - -5) + 6 + (5 - 6))?
-10
What is the value of -4 + (-13 - (-22 - 5))?
10
Evaluate (-9 - -3) + -6 + -1 + 14.
1
What is 2 + (4 - (8 + -4) - 5) + 5?
2
Evaluate 10 + (-1 - (-30 + 2 + -10 + 6)).
41
Evaluate (10 - 9) + -10 - -5 - -11 - -1.
8
Evaluate 28 - (-30 + 52 - 8).
14
Evaluate 13 + (3 - 23) + -4.
-11
What is the value of -4 + (11 + -19 - -5)?
-7
Calculate 162 + -159 + (2 - -14).
19
Evaluate 23 - (-7 + (-9 - -13) + 12).
14
(-89 - -42) + 40 - (-4 - 2 - 1)
0
What is the value of -5 + 4 + 3 + (-5 - 0) - -11?
8
43 - 51 - -3 - (0 - 4)
-1
2 - 14 - (-14 - ((-21 - -2) + 7))
-10
What is the value of (-5 - (-20 + 0 - 17)) + -1 + 1?
32
Evaluate 2 - 2 - 3 - (5 - -5 - -5).
-18
Calculate 16 + -9 - (3 + -6 + 1).
9
What is the value of 2 - (-1 + 14 + -17)?
6
Evaluate -2 + 7 + (-4 - 5 - -21).
17
Calculate (-17 - -2 - -4) + -20 + 25.
-6
Calculate (-6 - 1) + 4 - (33 + -45).
9
2 - 5 - -1 - (55 + -6 - 23)
-28
What is 0 - -38 - (-17 + 4 + -7 + 19)?
39
What is the value of -11 + -13 + -25 + 29?
-20
1 + -15 - ((-11 - 18) + 23)
-8
Evaluate -27 - (7 - (24 + 31)).
21
Evaluate -19 - -11 - (6 + -15).
1
Evaluate (4 + -1 - -6) + (-99 - -85).
-5
Calculate (-20 + (-2 - 8) - 5) + -12 + 21.
-26
What is (12 - 5) + 5 + -2 + -14 + -17?
-21
Evaluate (-2 + 3 - -3) + 104 + -109.
-1
Evaluate -56 + 26 + 15 + 16.
1
6 + (-11 + 19 - 9)
5
What is 2 + -24 - (-24 + -8 + 22)?
-12
What is the value of -30 - (167 + -153 + (-15 - 1))?
-28
Calculate 9 + (-3 - -5 - (7 + 3)).
1
Calculate 1 + (8 - (-12 + 20)).
1
7 - (3 - (0 + 0))
4
What is 131 + -146 - (-7 + 3 - -7)?
-18
What is 28 + -12 + -14 + -3?
-1
What is -39 + 40 + 3 + 2 + (-10 - -2)?
-2
Calculate -5 - -15 - (-18 + (11 - (7 + 0))).
24
What is the value of -1 + 26 - (-1 + 16 + -5)?
15
What is the value of (0 - 6 - -1) + 15 + -2?
8
7 + 25 + -2 + -13
17
Calculate -2 + 14 + 7 + (-21 - -3).
1
What is (17 - 10 - -2) + -18 - -12?
3
Calculate 8 - (5 + -3 - -18) - -2.
-10
241 - 271 - (2 - 13)
-19
What is -2 + 1 + -1 + -5 - 2 - -4?
-5
(-36 - -2) + (-20 - -31) + (7 - 9)
-25
What is the value of (-3 - (-4 + 12 + -8)) + (0 - -6)?
3
Calculate -2 + -31 + (70 - 48) + (3 - 14).
-22
What is the value of 3 + 3 + (-3 - -1) - (11 + -17)?
10
What is -7 + -2 + (7 - (-2 + 10)) - -7?
-3
Evaluate 4 - ((-3 - -9 - (-1 + 14)) + -9).
20
What is the value of (-8 - 2) + 4 + 2 + 14?
10
(-7 - -2) + 16 + -9 + -12 + 16
6
Calculate (0 + 1 - 0 - 4) + 2.
-1
What is the value of -3 + (-9 - (-4 - -4 - 6)) - 6?
-12
-4 + 11 + -7 + (2 - -1) + -7
-4
What is the value of (5 - -2) + (-10 - (3 + 6 - 14))?
2
Evaluate (-42 - (-8 + -43)) + -2 + (8 - -2).
17
22 + -1 + 4 + (0 - 17) + 6
14
Evaluate -2 + -1 + 321 + -331.
-13
(14 - 5 - (5 - 2)) + -14
-8
Calculate 0 + -7 + (16 + -8 - 18).
-17
What is 23 + (-25 - -12) + -17?
-7
Calculate -11 - (9 + 1 - 18 - 16).
13
Calculate (926 - 926) + 2 + -8 + -2 + 2.
-6
What is the value of (31 - (16 - 3)) + -30?
-12
Evaluate 1 + (2 - -1) + 1 + (-15 - -2).
-8
Evaluate (-5 - (-8 - 7)) + (-29 - -10).
-9
Calculate -40 - (2 + -7) - ((7 - -3) + -20).
-25
-22 - (2 + 7 + -24)
-7
-15 + (3 - -8) - (13 - 6)
-11
What is 19 + ((-15 - -17) + 17 - 14)?
24
Calculate 0 - (-11 - (-2 + 0)).
9
What is (-3 - 11) + (-82 - -98)?
2
Evaluate (22 - 12) + 3 + 1 + 9 + -13.
10
Evaluate (-46 - (-34 - 10)) + 1 + 29 + -1.
27
What is the value of (7 - -2) + (-57 - -17) + 8 + 9?
-14
Calculate -32 - (1 - 3) - (15 - (-7 - -26)).
-26
Evaluate -4 + 1 - (5 + 12) - -7.
-13
0 + 9 + 5 + -6 - 9
-1
-2 - (-11 + (10 - 1 - (151 + -142)))
9
Evaluate 90 + -94 + 0 + -1 + -7.
-12
What is (4 + (-16 - -15) - -4) + 11?
18
Calculate (-18 - (-13 - -11)) + 27.
11
What is the value of 5 - (10 + (3 - 5) + (6 - 3))?
-6
What is the value of 2 - -7 - (7 + 6 + -17)?
13
0 + 13 - ((2 - 17) + (133 - 128))
23
What is 8 + -11 + -10 + 4?
-9
Calculate -3 + 4 + -13 + 4 + 13.
5
6 + -5 + 16 + -26
-9
Calculate 1 + -3 + 2 - (29 - (-11 - -26)).
-14
What is the value of -2 - (3 + -12) - (0 + 15 - 18)?
10
Evaluate -22 + 9 + -6 + (-9 - -15 - 9).
-22
What is the value of -6 - (9 + 0 + -13 + -1 - 17)?
16
-6 + 15 + (22 - 15)
16
What is the value of 10 - 3 - (6 + (-2 - -8) + -13)?
8
What is the value of -13 + (2 + (-13 - -13) - -5)?
-6
Calculate -4 + 9 - ((4 - (-5 - -29)) + 1).
24
What is (-67 - -21) + 45 + -1 + -14?
-16
Evaluate (3 - -3) + (0 - (-5 + 4)).
7
What is -5 - 9 - (-8 + -1 - -1)?
-6
Calculate (0 - -10) + (1 - (19 - 17)).
9
What is the value of 15 - (10 - -9 - -3)?
-7
What is the value of (-40 - 3) + 74 - (13 + 1)?
17
Evaluate 1 + 2 + 5 + -6 + 101 + -93.
10
19 + -16 + 13 + -6 - (6 + -24)
28
What is the value of -12 + (-1 + 14 - -4) + -13?
-8
What is the value of -9 + 0 + 3 + -1 + -5 + -2?
-14
Calculate -8 + 1 - (-14 + (-6 - 1) - -14).
0
Calculate 6 + 8 + -23 - 1 - (-28 + -3).
21
What is (-3 - (-2 + -3)) + -10 + 20 + -3?
9
Evaluate -35 + 45 + 1 + 2 + -4.
9
2 + 28 + (-17 - 0)
13
What is 8 + -8 + -32 + 7?
-25
9 - (-18 + 24 - -9 - 9)
3
What is the value of -5 - -9 - (-4 + (-1 - (-8 - -5)))?
6
What is 9 + -5 - 12 - -13?
5
Calculate 2 + 10 + -14 + -1 - -10.
7
15 - (9 + -16 - -35)
-13
-12 + -10 + 19 + -7
-10
What is -3 - (12 + -43) - 18?
10
What is (2 - 0) + 1 - (-1372 + 1387)?
-12
What is the value of 7 - 1 - ((2 - -8) + -16)?
12
What is -5 + 16 + (-17 - -13)?
7
Evaluate 4 + (4 - 3) + 19 + -26.
-2
Calculate 5 + 21 + 1 + -10 + 13 + 1.
31
Evaluate (-19 - -6 - -21) + 0.
8
Calculate (24 - 18) + -1 + -13.
-8
Evaluate 2 + -3 + (-1 - 4 - -22 - 4).
12
Calculate (-26 - -22) + (3 - -3) + -11.
-9
14 + (-11 - -2) + -9
-4
Evaluate -10 + 15 + 6 - (-5 - -4).
12
Calculate -10 + 16 + 14 - (4 - 6).
22
Evaluate 0 + -10 + 4 + -9.
-15
What is -35 - (19 + -81) - -1?
28
19 - (2 + (11 - 20) + 1 + 8)
17
(15 + 0 - (-1 - -3)) + 3
16
What is the value of -553 + 531 + -1 + 13?
-10
Calculate -22 + 13 + -16 - -16.
-9
What is the value of -1 + (2 - (7 + -19 + 7) - 17)?
-11
Evaluate 4 - ((-9 - -12) + 8 - 44).
37
(-4 - (1 + 11 - 8 - 6)) + -13
-15
Evaluate -19 + -12 + -5 + 21.
-15
Evaluate (-70 - -70) + 3 + 1 - 15.
-11
What is the value of -2 + 3 + 24 + -2?
23
Calculate -4 + (36 + -36 - (-2 + -4)) + -1.
1
What is 0 - -14 - (-14 + -11 + 22)?
17
Evaluate -9 - (-16 + (1 - -9)) - 6.
-9
(-1 - -1 - -2) + (-16 - (3 - 6))
-11
What is the value of 15 - (-26 + 39 - (0 + -2))?
0
What is the value of 10 + -38 + (-2 - -18)?
-12
-1 + -18 - (-10 + 3 - -5 - 5)
-12
Evaluate (-2 - -10) + -28 + 10.
-10
Evaluate 9 + -1 + -2 + -10.
-4
Evaluate -12 + (-2 - (-6 + -5)) + 12.
9
What is the value of -6 - (-3 - (1 + 7 + -16))?
-11
What is -2 - (1 + (-3 - -8 - (5 - 1)))?
-4
